True
Suppose 3*d = d + 2*w + 81600, -2*w + 81604 = 2*d. Is d a composite number?
False
Let a(i) = 21686*i - 2117. Is a(15) prime?
False
Suppose -15*d = -306*d + 195351501. Is d a composite number?
True
Let n be (0 - 4924)*48/(-64). Let q = n + -11982. Is q/(-18)*(-4)/(-6) composite?
False
Let f(n) = -n**2 - 5*n + 895. Let r be f(0). Suppose r = -0*d + d + 4*x, -2*x - 8 = 0. Is d composite?
False
Is (-297953)/2*((-1519)/124 - 18/(-8)) composite?
True
Suppose -941*c + 942*c = 287. Suppose 281*q + 5190 = c*q. Is q a prime number?
False
Is (6 - 144/27)*(-5 - 339748/(-8)) prime?
True
Suppose 4*n = -5*i + 17286, 0 = -4*i - 4*n + 13831 - 3. Suppose -78*z = -82*z + 9612. Let m = i - z. Is m prime?
False
Suppose -27*p = -731568 - 887336 + 357275. Is p prime?
True
Let t(s) = 553*s**2 - 32*s - 1819. Is t(-30) a composite number?
False
Suppose 2*b - 1 - 17 = 0. Suppose -b*h - 5*j = -7*h - 14813, 14828 = 2*h + 2*j. Is h composite?
True
Suppose 59*u - 60*u - 2*b = -24, 0 = -5*b - 15. Is (182/65)/(3/(u/4)) a prime number?
True
Suppose -1444 = -3*t - 4*u, u + 93 = 2*t - 888. Suppose t + 143 = v. Is v a composite number?
False
Let v(j) = 6*j - 8. Let i be v(2). Let t(w) = -w**2 + 2*w + 12. Let u be t(i). Suppose -8*g = -u*g - 1432. Is g composite?
True
Suppose y - 3 + 0 = 0. Suppose 2*g + 551 = y*g + i, 3*i + 1641 = 3*g. Suppose 3*d - m = -0*d + 398, -5*m = -4*d + g. Is d composite?
False
Is 6*(-4 - (897455/(-30) - 1)) composite?
True
Let r(s) = 185*s**2 - 89*s + 61. Is r(-21) composite?
True
Is ((-158)/(-553))/(10/2071895) a prime number?
True
Let w = 55 - 47. Suppose -12184 = -w*u + 7232. Is u prime?
False
Let z = -11076 - -19583. Let g = z - 2634. Is g prime?
False
Let q(c) = -10*c**3 - 15*c**2 - 10*c + 321. Is q(-8) prime?
True
Let v = 18574 - 7613. Is v a composite number?
True
Suppose -35 = -5*k, -482*c + k - 2582492 = -487*c. Is c a prime number?
False
Let p(r) = -r**3 + 41*r**2 - 12*r - 53. Let g be p(18). Let t = 18196 - g. Is t prime?
False
Let g(d) = 2*d**3 - 49*d**2 - 103*d + 271. Is g(41) prime?
True
Let a be (-8)/2 - 44/(-4). Is 19592/14 - 3/a composite?
False
Is (-835196)/(-6)*(3 - (105/(-14) - -9)) a prime number?
True
Suppose -3*o + 444255 = k + 146363, -5*o = -3*k + 893746. Is k composite?
False
Suppose 221131 - 595344 = -49*q. Is q prime?
False
Is (-75890 - -103)/(-1 - 4/(-8)) prime?
False
Suppose -2*a - 4*s + 36152 = 0, 0 = 2*a - 5*s - 15722 - 20421. Suppose 3*x + 3*n - 8*n = 18086, -3*x = -2*n - a. Is x prime?
False
Let y(p) = 51*p**2 + 72*p - 373. Is y(5) composite?
True
Suppose 3*f = 5*q - 3, -2*q - f = -1 + 2. Suppose q = -2*p + 174 + 254. Suppose -4*c = 4*x + 130 - 582, 2*x - c = p. Is x composite?
False
Suppose 37*o - 420904 = 9*o + 989092. Is o prime?
False
Suppose 10192767 + 900315 = 42*r. Suppose 0 = 4*o + 4, -r = -2*j - j + 4*o. Is j a composite number?
True
Suppose w - 95 = 5*h, -4*w + h = w - 475. Let x = -41 + w. Is (x/36)/(6/2228) a prime number?
True
Let t = 395 + -96. Suppose -9609 = -302*p + t*p. Is p composite?
False
Let n(r) = 197681*r - 9320. Is n(6) a composite number?
True
Suppose -737895 - 9536201 = -112*k. Is k composite?
False
Let a(k) = -2236*k + 9. Let p be a(-1). Suppose 27*w - 32*w = -p. Is w a composite number?
False
Let u(i) = -3*i**3 + 12*i**2 + 3*i + 11. Let d = -252 - -244. Is u(d) prime?
False
Suppose -497490 = -4*d - j, -124369 = -d - 8*j + 6*j. Is d prime?
False
Let u(g) = -g**3 - 4*g**2 - 3. Let a be u(-4). Let x be (1 + a/2)/((-3)/18). Suppose -4*z - 6*r = -r - 6618, -4*z - x*r = -6622. Is z prime?
True
Let a(d) = 4*d**2 - 3*d**2 - 3 - 4 + 3 + 7*d. Let w be a(-8). Suppose -w*v + 518 + 3158 = 0. Is v a prime number?
True
Let h(x) = -2*x**2 + x. Let w be 0 + 0 - 0/2. Let o be h(w). Suppose 705 = 3*k - 0*n - 2*n, o = -2*k + 4*n + 470. Is k composite?
True
Let g = 800161 - -64774. Is g a prime number?
False
Suppose 25*f - 5334737 = 573738. Is f a prime number?
True
Let x = -2283 + 3200. Is x composite?
True
Let y(v) = -v**3 + 35*v**2 + 38*v - 73. Let b be y(36). Is (b*173)/(-2 - (-1025)/515) composite?
True
Let a(t) = t**3 + 22*t**2 - 37*t + 63. Let w be a(-24). Suppose 3*g - 2*k + 2320 = 0, 3800 = -5*g - 3*k - 54. Let i = w - g. Is i a prime number?
True
Let o = 3121 + 19045. Is o a composite number?
True
Let b = -63175 - -551402. Is b a composite number?
False
Let c = -2179 - -10592. Is c prime?
False
Let n be 2 + (-22300)/12 + 4/12. Let g = -1116 - n. Is (3 - 1)*4/(-8) + g a composite number?
False
Let m = -82396 + 389993. Is m a composite number?
True
Is 14/(112/(-73324))*(-2 + 0) composite?
True
Let v = 45769 - -209524. Is v a prime number?
False
Suppose -3648763 = -151*r - 1586970 + 3339326. Is r a composite number?
True
Let z be 496/112 - 8/(-14). Suppose z*x = 3*a - 7 - 1, -4*a - 4*x = 0. Is ((-530)/(-40))/(a/4) prime?
True
Suppose 81 = -5*o + 2*o. Let z be (((-3568)/6)/(-4))/((-6)/o). Let v = 1008 - z. Is v composite?
True
Let s(x) = -16*x**3 - 5*x**2 + 5*x - 1. Let w be s(5). Let n be (119 + 1)/(1060/32330). Let r = n + w. Is r composite?
False
Suppose 2*m + 4*k = 1768206, -16 = 7*k - 3*k. Is m composite?
False
Suppose -16*q + 797 = -227. Suppose -2*p = 4*s - 5480, 63*p + 4109 = 3*s + q*p. Is s a composite number?
True
Let u(l) = -l**2 + 11*l + 1. Let t be u(10). Suppose 36 - 168 = -t*d. Is 9/d*(0 + 548) a composite number?
True
Let l(i) = i**3 - 9*i**2 + 2*i - 9. Suppose 0 = -4*q - 5*u + u + 32, 2*u = -2. Is l(q) composite?
True
Let z be ((-8)/3)/(((-10)/(-9))/(-5)). Suppose 29 = z*a + 5. Suppose -4*s = -a*s - 2954. Is s composite?
True
Let x = 164 - 89. Let a(l) = -13*l**2 + 4*l - 11. Let j be a(5). Let g = x - j. Is g a prime number?
False
Suppose -j + 920291 = 2*v, 0 = -j - 3*v + 788057 + 132234. Is j composite?
False
Let d(o) = -o**3 + 6*o**2 + 12*o - 17. Let a be d(-11). Suppose 3*b + 0*b = a. Suppose 5*r - b - 1259 = 0. Is r composite?
False
Let x(h) = -h - 10. Suppose -64 = 6*u - 4. Let f be x(u). Is (f - -2)/(8/2212) prime?
False
Let d be 2/(2 + (-4)/100 + -2). Let i = d - -60. Is i a composite number?
True
Suppose 0 = 5*a - 3*c + 12, -4 = a + 3*a - c. Let k(o) = -o**2 - 2*o + 2199. Is k(a) a prime number?
False
Let g(u) = 4*u**3 - 8*u**2 + 3*u - 8. Let m(i) = i**3 - i**2 + i - 1. Let o = 99 - 98. Let s(z) = o*g(z) - 6*m(z). Is s(-5) prime?
False
Is (-325313 + -3 + 7 + 8)/(-1) composite?
False
Let y = -56196 + 199083. Is y prime?
False
Let g = -20 - -5. Let z = -13 + g. Let m = z - -49. Is m a prime number?
False
Suppose -185*u + 186*u - 8714 = 0. Suppose -5*x + u = -3*x. Is x a composite number?
False
Let h(m) = 22*m**2 - 62*m - 233. Is h(25) a composite number?
True
Is (3 - (-297412)/14) + (-2 - 64/(-28)) prime?
True
Let k(l) be the third derivative of 7*l**4/12 - 89*l**3/6 - 6*l**2. Is k(24) composite?
True
Let v = 159 + -123. Is 1/(-9)*2 - (-59660)/v a composite number?
False
Suppose 3*w = 3*w - 5*w. Suppose 3*r - 5*x = 1913, -r + w*x = -x - 639. Is r composite?
False
Let w(p) = -p + 2. Let j(d) = 42*d + 73. Let y(m) = j(m) - 6*w(m). Is y(24) composite?
False
Let w = 1120 + 1181. Let t = w + -1546. Is t prime?
False
Let z(b) = -174254*b**3 + 16*b**2 + 17*b + 21. Is z(-2) a prime number?
True
Let a(o) = 2*o**3 + 4*o**2 + 5*o - 9. Let d be a(7). Suppose 0 = j - 2*j - 5*y + 462, d = 2*j + 2*y. Let r = 849 - j. Is r a composite number?
False
Let a(x) = x**3 - 27*x**2 - 31*x + 52. Let h be a(28). Is h/24*2181/(-2) prime?
False
Let g(t) = t**2 - 6*t - 14. Let m be (-4 - (3 - 17)) + (-4)/2. Let p be g(m). Suppose p*a = -2*a + 3820. Is a a prime number?
False
Suppose 4*i = -3*f + 3268, 0 = 6*i - i - 3*f - 4112. Suppose -b + 417 + i = 0. Suppose 5*c - b = -4*k + k, -3*k = c - 1253. Is k composite?
False
Suppose 1429809 = 3*a + 4*j + 29898, 2*a = 5*j + 933274. Is a prime?
True
Suppose -5*c + 2*c = -12. Suppose c*t - d - 39288 = 0, 4*t - 5581 = 2*d + 33703. Suppose t - 1336 = 9*k. Is k a prime number?
False
Suppose 50*o - 64*o = 87*o - 3758311. Is o a composite number?
True
Let j(v) be the third derivative of 14713*v**4/12 - 5*v**3/2 + 5*v**2 + 3*v. Is j(1) prime?
True
Let s = -56 - -66. Is (-5526 - 8)*(-5)/s prime?
True
Suppose -5*j - 288 = j. Let b = j - -225. Is b a prime number?
False
Suppose -20 - 16 = 3*c. Let n be ((-5)/(25/c))/((-2)/(-5)). Suppose 0 = n*o - 16*o + 35870. Is o compo